t is the remainder when 186 is divided by 23?
2
Calculate the remainder when 5468 is divided by 156.
8
What is the remainder when 12590 is divided by 49?
46
Calculate the remainder when 336 is divided by 34.
30
Calculate the remainder when 2560 is divided by 3.
1
Calculate the remainder when 87 is divided by 10.
7
Calculate the remainder when 33 is divided by 11.
0
Calculate the remainder when 81 is divided by 21.
18
What is the remainder when 1002 is divided by 67?
64
Calculate the remainder when 1493 is divided by 18.
17
What is the remainder when 311 is divided by 8?
7
What is the remainder when 2070 is divided by 19?
18
What is the remainder when 168 is divided by 57?
54
What is the remainder when 922 is divided by 14?
12
What is the remainder when 77 is divided by 3?
2
What is the remainder when 19020 is divided by 17?
14
Calculate the remainder when 1019 is divided by 60.
59
What is the remainder when 2859 is divided by 13?
12
Calculate the remainder when 746 is divided by 83.
82
What is the remainder when 628 is divided by 37?
36
What is the remainder when 2865 is divided by 321?
297
Calculate the remainder when 1273 is divided by 51.
49
Calculate the remainder when 3853 is divided by 1922.
9
What is the remainder when 1629 is divided by 48?
45
Calculate the remainder when 2746 is divided by 21.
16
Calculate the remainder when 827 is divided by 13.
8
Calculate the remainder when 711 is divided by 14.
11
What is the remainder when 295 is divided by 23?
19
What is the remainder when 3872 is divided by 30?
2
What is the remainder when 1462 is divided by 61?
59
What is the remainder when 2374 is divided by 12?
10
What is the remainder when 11548 is divided by 110?
108
Calculate the remainder when 715 is divided by 353.
9
Calculate the remainder when 7906 is divided by 11.
8
What is the remainder when 188 is divided by 148?
40
Calculate the remainder when 101 is divided by 79.
22
Calculate the remainder when 26376 is divided by 218.
216
Calculate the remainder when 7417 is divided by 35.
32
Calculate the remainder when 7299 is divided by 2426.
21
What is the remainder when 2770 is divided by 59?
56
What is the remainder when 1495 is divided by 107?
104
Calculate the remainder when 1284 is divided by 638.
8
Calculate the remainder when 304 is divided by 103.
98
What is the remainder when 223 is divided by 8?
7
Calculate the remainder when 524 is divided by 35.
34
Calculate the remainder when 10284 is divided by 16.
12
Calculate the remainder when 524 is divided by 43.
8
What is the remainder when 536 is divided by 75?
11
What is the remainder when 145 is divided by 74?
71
What is the remainder when 548 is divided by 38?
16
Calculate the remainder when 3155 is divided by 12.
11
What is the remainder when 221 is divided by 8?
5
Calculate the remainder when 782 is divided by 239.
65
Calculate the remainder when 4970 is divided by 383.
374
What is the remainder when 4093 is divided by 13?
11
What is the remainder when 24252 is divided by 231?
228
What is the remainder when 403 is divided by 104?
91
Calculate the remainder when 20515 is divided by 76.
71
Calculate the remainder when 1006 is divided by 24.
22
What is the remainder when 154 is divided by 6?
4
Calculate the remainder when 284 is divided by 32.
28
What is the remainder when 21 is divided by 14?
7
Calculate the remainder when 1538 is divided by 33.
20
What is the remainder when 702 is divided by 646?
56
What is the remainder when 8000 is divided by 87?
83
What is the remainder when 181 is divided by 48?
37
What is the remainder when 3776 is divided by 90?
86
Calculate the remainder when 470 is divided by 139.
53
Calculate the remainder when 364 is divided by 61.
59
What is the remainder when 58 is divided by 21?
16
What is the remainder when 3483 is divided by 13?
12
What is the remainder when 803 is divided by 99?
11
What is the remainder when 41 is divided by 8?
1
Calculate the remainder when 5655 is divided by 82.
79
Calculate the remainder when 119 is divided by 9.
2
What is the remainder when 1102 is divided by 27?
22
Calculate the remainder when 222 is divided by 76.
70
What is the remainder when 253 is divided by 5?
3
Calculate the remainder when 832 is divided by 44.
40
Calculate the remainder when 527 is divided by 89.
82
What is the remainder when 1512 is divided by 34?
16
Calculate the remainder when 314 is divided by 81.
71
What is the remainder when 2060 is divided by 86?
82
What is the remainder when 228 is divided by 111?
6
What is the remainder when 96 is divided by 44?
8
What is the remainder when 354 is divided by 18?
12
What is the remainder when 1799 is divided by 60?
59
What is the remainder when 453 is divided by 193?
67
What is the remainder when 51 is divided by 14?
9
Calculate the remainder when 215 is divided by 10.
5
What is the remainder when 599 is divided by 160?
119
What is the remainder when 411 is divided by 116?
63
What is the remainder when 574 is divided by 118?
102
What is the remainder when 1622 is divided by 28?
26
What is the remainder when 260 is divided by 88?
84
What is the remainder when 6453 is divided by 2145?
18
What is the remainder when 269 is divided by 30?
29
What is the remainder when 2042 is divided by 3?
2
Calculate the remainder when 7284 is divided by 2.
0
What is the remainder when 1468 is divided by 42?
40
What is the remainder when 331 is divided by 165?
1
What is the remainder when 280 is divided by 47?
45
What is the remainder when 441 is divided by 95?
61
What is the remainder when 592 is divided by 54?
52
What is the remainder when 4736 is divided by 103?
101
Calculate the remainder when 8847 is divided by 39.
33
Calculate the remainder when 667 is divided by 184.
115
What is the remainder when 41 is divided by 32?
9
Calculate the remainder when 75 is divided by 13.
10
What is the remainder when 193 is divided by 50?
43
Calculate the remainder when 106 is divided by 56.
50
Calculate the remainder when 637 is divided by 22.
21
Calculate the remainder when 1789 is divided by 224.
221
What is the remainder when 21 is divided by 10?
1
What is the remainder when 142 is divided by 50?
42
What is the remainder when 351 is divided by 173?
5
Calculate the remainder when 44 is divided by 27.
17
What is the remainder when 207 is divided by 125?
82
What is the remainder when 81 is divided by 42?
39
Calculate the remainder when 18 is divided by 11.
7
Calculate the remainder when 300 is divided by 283.
17
What is the remainder when 87 is divided by 23?
18
What is the remainder when 1061 is divided by 87?
17
Calculate the remainder when 2240 is divided by 25.
15
Calculate the remainder when 115 is divided by 75.
40
Calculate the remainder when 593 is divided by 66.
65
Calculate the remainder when 366 is divided by 111.
33
Calculate the remainder when 251 is divided by 104.
43
What is the remainder when 613 is divided by 4?
1
What is the remainder when 700 is divided by 170?
20
Calculate the remainder when 135 is divided by 18.
9
Calculate the remainder when 425 is divided by 61.
59
Calculate the remainder when 206 is divided by 55.
41
Calculate the remainder when 467 is divided by 9.
8
What is the remainder when 305 is divided by 157?
148
What is the remainder when 655 is divided by 47?
44
What is the remainder when 182 is divided by 27?
20
What is the remainder when 21417 is divided by 28?
25
Calculate the remainder when 446 is divided by 74.
2
What is the remainder when 75 is divided by 22?
9
What is the remainder when 2315 is divided by 50?
15
What is the remainder when 639 is divided by 82?
65
What is the remainder when 76 is divided by 46?
30
What is the remainder when 341 is divided by 66?
11
Calculate the remainder when 68 is divided by 15.
8
What is the remainder when 568 is divided by 111?
13
What is the remainder when 95 is divided by 44?
7
Calculate the remainder when 17 is divided by 16.
1
Calculate the remainder when 196 is divided by 94.
8
Calculate the remainder when 57 is divided by 4.
1
Calculate the remainder when 589 is divided by 119.
113
Calculate the remainder when 507 is divided by 32.
27
What is the remainder when 238 is divided by 58?
6
What is the remainder when 1759 is divided by 439?
3
What is the remainde